.
2, 5, 67
Let w(p) = 2*p + 5*p + 32 + 0*p + 7. Let c be w(-6). List the prime factors of (c + 0)/1 - -189.
2, 3, 31
Let q = -32 - -32. Suppose q = 8*x - 129 - 239. Suppose x = 4*s - 62. What are the prime factors of s?
3
Let l be 15 + 27/(-5 + 2). Suppose l*d - 641 - 3265 = 0. What are the prime factors of d?
3, 7, 31
Let s be (1 + -1)/(7 + -5) + 635. Suppose s = 4*w + w. Suppose 40 = -p + w. What are the prime factors of p?
3, 29
Let u be 4/6 + (-52)/(-39). Suppose -4*y + u = -2*y. List the prime factors of (4/(-8) + y)*106.
53
Suppose -j + u + 5471 = 0, -5*j + 27351 = 24*u - 27*u. List the prime factors of j.
3, 1823
Suppose -2*r + 71 = -15. Suppose -47*q = -r*q - 12. Suppose 2*k + 5*m = q*k - 94, -m = k - 76. What are the prime factors of k?
79
Let y(a) = 3*a**3 + 23*a**2 - 77*a + 24. Let q(m) = 4*m**3 + 24*m**2 - 78*m + 25. Let v(j) = 4*q(j) - 5*y(j). List the prime factors of v(15).
5, 7
Let o = -14 - -16. Suppose 2*i - n = 249, n + 371 = 5*i - o*i. What are the prime factors of i?
2, 61
Let a(u) = -420*u + 10. Let r(f) = 843*f - 20. Let g(m) = -7*a(m) - 3*r(m). What are the prime factors of g(1)?
401
Suppose 11 = -6*w + 41. Let h(i) be the second derivative of i**5/20 - i**4/6 + 7*i**3/6 - i**2 + 5*i. What are the prime factors of h(w)?
2, 3
Let p(b) = b**2 + 17*b + 6. Let v(k) = -3*k**2 - 51*k - 18. Let r(n) = 11*p(n) + 4*v(n). Suppose -16*s + 77 = 253. List the prime factors of r(s).
2, 3, 5
Suppose 3*f + 6 = 0, 0 = -2*k - 36*f + 39*f + 27466. List the prime factors of k.
2, 5, 1373
Let d = 286 - 547. Let j = 106 + d. List the prime factors of 16/(-4)*j/4.
5, 31
Let q(n) = -521*n + 20. Suppose 56 = 2*s + 60. List the prime factors of q(s).
2, 3, 59
Let h = -39 + 39. Suppose -o - 5*t + 177 = h, -2*t = o - t - 169. Suppose -2*v + v = 4*q - o, -47 = -q + 5*v. What are the prime factors of q?
2, 3, 7
What are the prime factors of (12/(-9))/((-20)/271530*7)?
2, 3, 431
Suppose 8*v - 3*v = -d - 6, -v = -4*d + 18. Suppose -d*f - 9 + 21 = 0. Suppose 49 + 35 = f*z. List the prime factors of z.
2, 7
Suppose -409*z + 388*z + 293181 = 0. What are the prime factors of z?
23, 607
Let i(v) = 45*v + 34. Let q be i(7). Let z = q + -236. What are the prime factors of z?
113
Suppose -233*o + 207*o + 217620 = 0. List the prime factors of o.
2, 3, 5, 31
Let j = 62 + -62. Suppose 2*k = -j*k + 5*v + 508, 4*k + 5*v - 986 = 0. Let g = k - 107. List the prime factors of g.
2, 71
Let j(b) = -b + 13 - 24*b**2 + 23*b**2 - 3. Let k be j(-3). Suppose 4*x - z - 161 = 0, -k*x + 196 = x + 4*z. List the prime factors of x.
2, 5
Let r be 1169/42 + (-1)/(-6). Let q be 69/(-21) - (-8)/r. What are the prime factors of -204*q*1/6?
2, 3, 17
Suppose -10684 = -20*p + 2256. Let s = -418 + p. What are the prime factors of s?
229
Suppose 997401 = -170*o + 304*o + 106703. List the prime factors of o.
17, 23
Let d be 3 + (-22)/6 + (-936)/54. Let o = 176 + d. List the prime factors of o.
2, 79
Let c = -41359 - -65335. What are the prime factors of c?
2, 3, 37
Let f be -1 - (-327)/(3/(-1)). Let u = -227 + f. Let l = 571 + u. List the prime factors of l.
2, 3, 13
Let v be 1420/426 - (1 - 4/6). List the prime factors of 5 + 2/v*(-8883)/(-18).
2, 167
Let h(t) = t**3 + 23*t**2 - 17*t + 50. Let x be (0 - -1)*(-69)/3. What are the prime factors of h(x)?
3, 7
Let w = -624 - -726. List the prime factors of (w/(-5))/(11 - 9086/825).
2, 3, 5, 17
Let x(s) = s**2 - 1876*s + 29. Let m be x(0). Let c be (35/(-2))/(1/(-16)). Let b = c - m. List the prime factors of b.
251
Let x(t) = -t**3 - 9*t**2 + t + 9. Suppose -60 = 9*c + 21. Let n be x(c). Suppose 4*y + a - 729 + 228 = 0, y - a - 129 = n. List the prime factors of y.
2, 3, 7
Suppose l - 94 = h, -2*l + 6*l - 3*h = 372. Suppose 2*n + 4*o = l, 4*o - 2*o = n - 45. What are the prime factors of n?
3, 5
Let p(x) = -7*x + 16. Let c be (-6)/5*70/(-21). Let w(k) = -k**3 + 5*k**2 - 7*k + 5. Let v be w(c). List the prime factors of p(v).
5, 13
Let k(a) be the third derivative of -a**5/60 - a**4/24 + 23*a**3/6 + 337*a**2. Let o be (2 - 3/(-3)) + -3. What are the prime factors of k(o)?
23
List the prime factors of (152/24)/19*(24953 - -1).
2, 4159
Let t be (5 + -1)*(-2)/(8/21). Let x = -18 - t. Suppose -2*b = x*v - 189, 0*b - 209 = -2*b + v. List the prime factors of b.
2, 3, 17
Suppose 0 = b - 0*b - 2. Let c be (0 - 2) + (-1 + b)*307. Suppose 0 = 3*a - c + 23. List the prime factors of a.
2, 47
Suppose 31576 = w + 2*q, 1376*q - 1373*q + 15 = 0. What are the prime factors of w?
2, 17, 929
Suppose 2*v - x = 21688, -21718 = -2*v - 269*x + 265*x. List the prime factors of v.
10847
List the prime factors of -10 + 2 + (437060/13)/5.
2, 23, 73
Suppose -20*b + 18*b = -30. Let j = b + -10. Suppose j*t = -n + 49, 0*n = 5*n + 5*t - 145. List the prime factors of n.
2, 3
Let o = 656 - 650. What are the prime factors of o - 2 - (-942 + -16)?
2, 13, 37
Suppose -7*w - 1326 = -13*w. Suppose -2*z + 3*j = w, -z + 2*j - 44 = 64. Let t = z + 240. List the prime factors of t.
2, 61
Suppose 0 = 6*x + 8 + 4. Let n be (0 + x - 1)/(9/(-9)). Suppose 0 = n*i - 2*w - 2*w - 337, -4 = -2*w. List the prime factors of i.
5, 23
Suppose -n - 145 = -4*n - 2*x, -4*n = 3*x - 192. Let z = 297 + n. What are the prime factors of z?
2, 3, 29
Let u = -27 + 29. Suppose 4*r = u*n + 884, -3*r - n = -2*n - 665. Suppose -8*g + 1023 = r. What are the prime factors of g?
2, 5
What are the prime factors of (56 + 21 - 19)*(-455)/(-1)?
2, 5, 7, 13, 29
Let n be (-83)/((-4)/(-1) - (-660)/(-164)). Suppose 11*q + 675 - n = 0. What are the prime factors of q?
2, 31
Let y = 350 - 350. Suppose -3*d + y*d - 2*g = -1771, 2*d - 4*g = 1170. What are the prime factors of d?
19, 31
Suppose -9*j + 87792 = 27105. What are the prime factors of j?
11, 613
Suppose 0 = 3*y + 64 - 130. Suppose -1095 = -5*a + 3*n, y*a - 19*a - 657 = n. List the prime factors of a.
3, 73
Suppose -463 = -11*w + 494. Suppose -w*j = -90*j + 522. List the prime factors of j.
2, 3, 29
Suppose -5*p + 9*p - 1730 = -2*d, 0 = -p + 5*d + 460. Let w = p + -325. List the prime factors of w.
2, 5, 11
Suppose 22 = 2*u + 2*z - 4*z, 3*z = 15. Suppose 3*g + 4*p = -0*p + 13, -u = -4*g - 5*p. What are the prime factors of 10/(g + (-9)/(-3))?
5
Let i(q) = -q**3 + 11*q**2 - 28*q + 9. Let u be i(4). What are the prime factors of ((4128/u)/(-2))/(11/(-33))?
2, 43
Suppose 7*j = 3*j - 212. Let f(t) = t**2 - 52*t + 610. Let s be f(34). Let w = s - j. List the prime factors of w.
3, 17
What are the prime factors of 2856708/(-270)*(160/12)/(-8)?
2, 3, 2939
Let m(h) = -h**2 + 70*h + 795. What are the prime factors of m(74)?
499
Suppose -p + k + 7 = -4, 2*p - 3*k - 26 = 0. Let n(v) = -598*v - 2 - p + 625*v. List the prime factors of n(4).
3, 11
Suppose -35*d - 37677 = -181282. What are the prime factors of d?
11, 373
Suppose 0 = 3*f + v - 118 - 56, f - 4*v = 58. Let n = f - 55. Suppose 7*q - 174 = -2*i + 2*q, q = -n*i + 274. List the prime factors of i.
2, 23
Let r(h) = 8*h - 31. Let q be r(5). Suppose -b - q*b - 7120 = 0. Let u = -471 - b. List the prime factors of u.
241
Let y(a) = 19*a**2 - a - 14. Let t be -4*(-4 - -3)/(-1). List the prime factors of y(t).
2, 3, 7
Suppose 19768 + 56336 = 14*w. List the prime factors of w.
2, 3, 151
Let y = 247 - -155. List the prime factors of 10 + -5 + 1 + y.
2, 3, 17
Let p(d) = -4*d**2 - 879*d - 25. What are the prime factors of p(-57)?
2, 18541
Let q = 44531 + -15302. What are the prime factors of q?
3, 9743
What are the prime factors of 5/(-15)*21 - 21126*32/(-24)?
3, 7, 149
List the prime factors of 190 - (-150)/105*7.
2, 5
Let b(i) = -101*i + 3332. What are the prime factors of b(-10)?
2, 13, 167
Let a(x) = x**2 - 17*x + 52. Let r(p) = -86*p + 3. Let v be r(-1). Let n = -68 + v. List the prime factors of a(n).
2, 17
Suppose 3*z = -30 + 36. Suppose b + 14 - 15 = -z*q, -13 = -5*b - 2*q. What are the prime factors of b?
3
Let m be (2/(-4))/((-6)/216). Suppose m*b + 100 = 23*b. Suppose 40 = 2*d - b. What are the prime factors of d?
2, 3, 5
Suppose -7*b + 1 - 64 = 0. Let n(m) = -144*m - 107. What are the prime factors of n(b)?
29, 41
List the prime factors of -4 + (-12520)/((-4)/2).
2, 17, 23
Let z(o) = -1535*o**3 - 5*o**2 - 6*o - 3. Let g(s) = s**3 - 10*s + 2. Let w be g(3). List the prime factors of z(w).
3, 7, 73
Suppose -2*d + 